{"id":12,"date":"2026-01-05T23:07:12","date_gmt":"2026-01-05T23:07:12","guid":{"rendered":"https:\/\/vepailjanov.com\/?page_id=12"},"modified":"2026-01-25T10:52:57","modified_gmt":"2026-01-25T10:52:57","slug":"home","status":"publish","type":"page","link":"https:\/\/vepailjanov.com\/","title":{"rendered":"Dr. Vepa Iljanov"},"content":{"rendered":"\n<p>Telefon arkaly ja\u0148 etmek<\/p>\n\n\n\n<p>&#x1f4de; Telefon:<br>+993 65 71 22 75<\/p>\n\n\n\n<p>WhatsApp arkaly habarla\u015fmak<\/p>\n\n\n\n<p><a href=\"https:\/\/wa.me\/99365712275\" target=\"_blank\" rel=\"noopener\">https:\/\/wa.me\/99365712275<\/a><\/p>\n\n\n\n<p><br><strong>Men Dr. Wepa Iljanow  gastroenterolog we ileri endoskopiya h\u00fcn\u00e4rmeni.<\/strong><br>Onkologi\u00fda merkezinde Diagnostika b\u00f6l\u00fcmini\u0148 m\u00fcdiri bolup i\u015fle\u00fd\u00e4rin.<\/p>\n\n\n\n<p>&#x1fa7a; Hyzmatlarym<\/p>\n\n\n\n<p>&#x1fa7a; Gastroskopi\u00fda we kolonoskopi\u00fda<br>&#x1fa7a; \u00d6\u0148debaryjy endoskopiki amallar<br>&#x1fa7a; I\u00e7ege-si\u0148diri\u015f ulgamyny\u0148 kesellerini\u0148 irki anyklanyly\u015fy<br>&#x1fa7a; Onkologiki diagnostika<\/p>\n\n\n\n<p><\/p>\n\n\n\n<p>Maksadym: hassalara d\u00f6wrebap, howpsuz we \u00fdokary derejeli endoskopik hyzmat we bejergi bermek.<\/p>\n\n\n\n<p><strong>I am Dr. Vepa Iljanov, a gastroenterologist and advanced endoscopy specialist<\/strong>.<br>I work as the Head of the Diagnostic Department at the Oncology Center.<\/p>\n\n\n\n<p>My goal is to provide modern, safe, and high-quality endoscopic care and treatment.<\/p>\n\n\n\n<p><\/p>\n\n\n\n<p>Resmi lukman\u00e7ylyk web sahypasy<br>Official medical website<\/p>\n\n\n\n<p>&#x1fa7a; H\u00fcn\u00e4r ugurlarym \/ Specialties<\/p>\n\n\n\n<p><strong>Endoskopi<\/strong><\/p>\n\n\n\n<ul class=\"wp-block-list\">\n<li>Gastroskopi<\/li>\n\n\n\n<li>Kolonoskopi<\/li>\n\n\n\n<li>Bronhoskopi\u00fda<\/li>\n<\/ul>\n\n\n\n<p><strong>Ileri endoskopik amallar<\/strong><\/p>\n\n\n\n<ul class=\"wp-block-list\">\n<li>Polipektomi\u00fda<\/li>\n\n\n\n<li>ESD, EMR<\/li>\n\n\n\n<li>EUS<\/li>\n\n\n\n<li>ARMA<\/li>\n\n\n\n<li>Endoskopiki stent go\u00fdmak<\/li>\n\n\n\n<li>Argon plazma koagul\u00fdasi\u00fdasy<\/li>\n<\/ul>\n\n\n\n<p><strong>A\u015fgazan we i\u00e7ege keselleri<\/strong><\/p>\n\n\n\n<ul class=\"wp-block-list\">\n<li>Gastritleri\u0148 d\u00fcrli g\u00f6rn\u00fc\u015fleri<\/li>\n\n\n\n<li>Gastroezofageal refl\u00fduks keseli<\/li>\n\n\n\n<li>Disbakterioz<\/li>\n\n\n\n<li>Pankreatit (\u00fditi we dowamly)<\/li>\n\n\n\n<li>I\u00e7 gatama \u00fda-da i\u00e7 ge\u00e7me bilen bagly n\u00e4sazlyklar<\/li>\n\n\n\n<li>Gaharja\u0148 i\u00e7ege sindromy<\/li>\n\n\n\n<li>Kolit we meteorizm<\/li>\n\n\n\n<li>Gepatozlar<\/li>\n\n\n\n<li>\u00d6t da\u015f keseli<\/li>\n\n\n\n<li>On iki barmakly i\u00e7eg\u00e4ni\u0148 we a\u015fgazany\u0148 \u00fdarasy<\/li>\n\n\n\n<li>\u00ddaraly kolit<\/li>\n<\/ul>\n\n\n\n<p><strong>Onkologiki diagnostika<\/strong><\/p>\n\n\n\n<ul class=\"wp-block-list\">\n<li>Onkologiya kesellerini wagtynda ir anyklamak<\/li>\n\n\n\n<li>Endoskopik biopsi\u00fda<\/li>\n<\/ul>\n\n\n\n<p><strong>Endoscopy<\/strong><\/p>\n\n\n\n<ul class=\"wp-block-list\">\n<li>Gastroscopy<\/li>\n\n\n\n<li>Colonoscopy<\/li>\n\n\n\n<li>Bronchoscopy<\/li>\n<\/ul>\n\n\n\n<p><strong>Advanced endoscopic procedures<\/strong><\/p>\n\n\n\n<ul class=\"wp-block-list\">\n<li>Polypectomy<\/li>\n\n\n\n<li>ESD, EMR<\/li>\n\n\n\n<li>EUS<\/li>\n\n\n\n<li>ARMA<\/li>\n\n\n\n<li>Endoscopic stent placement<\/li>\n\n\n\n<li>Argon plasma coagulation<\/li>\n<\/ul>\n\n\n\n<p><strong>Gastrointestinal diseases<\/strong><\/p>\n\n\n\n<ul class=\"wp-block-list\">\n<li>Various types of gastritis<\/li>\n\n\n\n<li>Gastroesophageal reflux disease (GERD)<\/li>\n\n\n\n<li>Dysbiosis<\/li>\n\n\n\n<li>Acute and chronic pancreatitis<\/li>\n\n\n\n<li>Bowel habit disorders (constipation and diarrhea)<\/li>\n\n\n\n<li>Irritable bowel syndrome<\/li>\n\n\n\n<li>Colitis and meteorism<\/li>\n\n\n\n<li>Hepatosis<\/li>\n\n\n\n<li>Gallstone disease<\/li>\n\n\n\n<li>Peptic ulcer disease of the stomach and duodenum<\/li>\n\n\n\n<li>Ulcerative colitis<\/li>\n<\/ul>\n\n\n\n<p><strong>Oncological diagnostics<\/strong><\/p>\n\n\n\n<ul class=\"wp-block-list\">\n<li>Early detection of oncological diseases<\/li>\n\n\n\n<li>Endoscopic biopsy<\/li>\n<\/ul>\n\n\n\n<figure class=\"wp-block-image size-large\"><img loading=\"lazy\" decoding=\"async\" width=\"768\" height=\"1024\" src=\"https:\/\/vepailjanov.com\/wp-content\/uploads\/2026\/01\/IMG_4360-1-768x1024.jpeg\" alt=\"\" class=\"wp-image-20\" srcset=\"https:\/\/vepailjanov.com\/wp-content\/uploads\/2026\/01\/IMG_4360-1-768x1024.jpeg 768w, https:\/\/vepailjanov.com\/wp-content\/uploads\/2026\/01\/IMG_4360-1-225x300.jpeg 225w, https:\/\/vepailjanov.com\/wp-content\/uploads\/2026\/01\/IMG_4360-1-1152x1536.jpeg 1152w, https:\/\/vepailjanov.com\/wp-content\/uploads\/2026\/01\/IMG_4360-1-1536x2048.jpeg 1536w, https:\/\/vepailjanov.com\/wp-content\/uploads\/2026\/01\/IMG_4360-1-scaled.jpeg 1920w\" sizes=\"auto, (max-width: 768px) 100vw, 768px\" \/><\/figure>\n\n\n\n<p>&#x1f4de; Telefon:<br>+993 65 71 22 75<\/p>\n\n\n\n<p>&#x1f4ac; WhatsApp: https:\/\/wa.me\/99365712275<\/p>\n\n\n\n<p><\/p>\n","protected":false},"excerpt":{"rendered":"<p>Telefon arkaly ja\u0148 etmek &#x1f4de; Telefon:+993 65 71 22 75 WhatsApp arkaly habarla\u015fmak https:\/\/wa.me\/99365712275 Men Dr. Wepa Iljanow gastroenterolog we ileri endoskopiya h\u00fcn\u00e4rmeni.Onkologi\u00fda merkezinde Diagnostika b\u00f6l\u00fcmini\u0148 m\u00fcdiri bolup i\u015fle\u00fd\u00e4rin. &#x1fa7a; Hyzmatlarym &#x1fa7a; Gastroskopi\u00fda we kolonoskopi\u00fda&#x1fa7a; \u00d6\u0148debaryjy endoskopiki amallar&#x1fa7a; I\u00e7ege-si\u0148diri\u015f ulgamyny\u0148 kesellerini\u0148 irki anyklanyly\u015fy&#x1fa7a; Onkologiki diagnostika Maksadym: hassalara d\u00f6wrebap, howpsuz we \u00fdokary derejeli endoskopik hyzmat we [&hellip;]<\/p>\n","protected":false},"author":1,"featured_media":0,"parent":0,"menu_order":0,"comment_status":"closed","ping_status":"closed","template":"","meta":{"footnotes":""},"class_list":["post-12","page","type-page","status-publish","hentry"],"_links":{"self":[{"href":"https:\/\/vepailjanov.com\/index.php?rest_route=\/wp\/v2\/pages\/12","targetHints":{"allow":["GET"]}}],"collection":[{"href":"https:\/\/vepailjanov.com\/index.php?rest_route=\/wp\/v2\/pages"}],"about":[{"href":"https:\/\/vepailjanov.com\/index.php?rest_route=\/wp\/v2\/types\/page"}],"author":[{"embeddable":true,"href":"https:\/\/vepailjanov.com\/index.php?rest_route=\/wp\/v2\/users\/1"}],"replies":[{"embeddable":true,"href":"https:\/\/vepailjanov.com\/index.php?rest_route=%2Fwp%2Fv2%2Fcomments&post=12"}],"version-history":[{"count":19,"href":"https:\/\/vepailjanov.com\/index.php?rest_route=\/wp\/v2\/pages\/12\/revisions"}],"predecessor-version":[{"id":71,"href":"https:\/\/vepailjanov.com\/index.php?rest_route=\/wp\/v2\/pages\/12\/revisions\/71"}],"wp:attachment":[{"href":"https:\/\/vepailjanov.com\/index.php?rest_route=%2Fwp%2Fv2%2Fmedia&parent=12"}],"curies":[{"name":"wp","href":"https:\/\/api.w.org\/{rel}","templated":true}]}}